{"id":1992,"date":"2026-01-28T18:28:33","date_gmt":"2026-01-28T18:28:33","guid":{"rendered":"https:\/\/dfit.com.ec\/?post_type=product&#038;p=1992"},"modified":"2026-01-28T18:28:33","modified_gmt":"2026-01-28T18:28:33","slug":"magnesio-200gr","status":"publish","type":"product","link":"https:\/\/dfit.com.ec\/?product=magnesio-200gr","title":{"rendered":"MAGNESIO &#8211; 200gr"},"content":{"rendered":"<ul>\n<li>Citrato de magnesio en polvo marca Saxofit<\/li>\n<li>Aporta 350 miligramos de citrato de magnesio por porci\u00f3n<\/li>\n<li>Mineral esencial para m\u00faltiples funciones del organismo<\/li>\n<li>Contrae y relaja las fibras musculares naturalmente<\/li>\n<li>Regula y mejora la salud del sistema digestivo<\/li>\n<li>Favorece el sistema nervioso y el sistema \u00f3seo<\/li>\n<li>Combate el estr\u00e9s, la ansiedad y el insomnio<\/li>\n<li>Ayuda a tratar derivados de dolores musculares<\/li>\n<li>Favorable para inflamaci\u00f3n de tendones y derivados<\/li>\n<li>Envase contiene 200 gramos \/ 153 servicios<\/li>\n<\/ul>\n","protected":false},"excerpt":{"rendered":"<p>Citrato de magnesio en polvo marca Saxofit Aporta 350 miligramos de citrato de magnesio por porci\u00f3n Mineral esencial para m\u00faltiples funciones del organismo Contrae y relaja las fibras musculares naturalmente Regula y mejora la salud del sistema digestivo Favorece el sistema nervioso y el sistema \u00f3seo Combate el estr\u00e9s, la ansiedad y el insomnio Ayuda a tratar derivados de dolores musculares Favorable para inflamaci\u00f3n de tendones y derivados Envase contiene 200 gramos \/ 153 servicios<\/p>\n","protected":false},"featured_media":1993,"comment_status":"open","ping_status":"closed","template":"","meta":{"om_disable_all_campaigns":false,"inline_featured_image":false,"_monsterinsights_skip_tracking":false,"_monsterinsights_sitenote_active":false,"_monsterinsights_sitenote_note":"","_monsterinsights_sitenote_category":0},"product_cat":[75],"product_tag":[],"class_list":{"0":"post-1992","1":"product","2":"type-product","3":"status-publish","4":"has-post-thumbnail","6":"product_cat-vitaminas-y-minerales","8":"first","9":"instock","10":"taxable","11":"shipping-taxable","12":"purchasable","13":"product-type-simple"},"aioseo_notices":[],"jetpack_sharing_enabled":true,"_links":{"self":[{"href":"https:\/\/dfit.com.ec\/index.php?rest_route=\/wp\/v2\/product\/1992","targetHints":{"allow":["GET"]}}],"collection":[{"href":"https:\/\/dfit.com.ec\/index.php?rest_route=\/wp\/v2\/product"}],"about":[{"href":"https:\/\/dfit.com.ec\/index.php?rest_route=\/wp\/v2\/types\/product"}],"replies":[{"embeddable":true,"href":"https:\/\/dfit.com.ec\/index.php?rest_route=%2Fwp%2Fv2%2Fcomments&post=1992"}],"wp:featuredmedia":[{"embeddable":true,"href":"https:\/\/dfit.com.ec\/index.php?rest_route=\/wp\/v2\/media\/1993"}],"wp:attachment":[{"href":"https:\/\/dfit.com.ec\/index.php?rest_route=%2Fwp%2Fv2%2Fmedia&parent=1992"}],"wp:term":[{"taxonomy":"product_cat","embeddable":true,"href":"https:\/\/dfit.com.ec\/index.php?rest_route=%2Fwp%2Fv2%2Fproduct_cat&post=1992"},{"taxonomy":"product_tag","embeddable":true,"href":"https:\/\/dfit.com.ec\/index.php?rest_route=%2Fwp%2Fv2%2Fproduct_tag&post=1992"}],"curies":[{"name":"wp","href":"https:\/\/api.w.org\/{rel}","templated":true}]}}